{"id":93,"date":"2015-01-10T15:21:21","date_gmt":"2015-01-10T15:21:21","guid":{"rendered":"http:\/\/www.gestaodecorretoras.com.br\/?page_id=93"},"modified":"2019-07-16T13:59:29","modified_gmt":"2019-07-16T13:59:29","slug":"acesso-restrito","status":"publish","type":"page","link":"https:\/\/www.gestaodecorretoras.com.br\/?page_id=93","title":{"rendered":"Acesso Restrito"},"content":{"rendered":"<div class=\"gglcptch gglcptch_v3\"><input type=\"hidden\" id=\"g-recaptcha-response\" name=\"g-recaptcha-response\" \/><br \/><div class=\"gglcptch_error_text\">O per\u00edodo de verifica\u00e7\u00e3o do reCAPTCHA expirou. Por favor, recarregue a p\u00e1gina.<\/div><\/div>\n<hr>\n<form action=\"https:\/\/www.gestaodecorretoras.com.br\/prelogin.jsp\" method=\"post\" name=\"form1\">\n<p style=\"text-align: center;\">USU\u00c1RIO<\/p>\n<p style=\"text-align: center;\"><input id=\"nome\" class=\"senha\" maxlength=\"50\" name=\"nome\" size=\"20\" type=\"text\"><\/p>\n<p style=\"text-align: center;\">&nbsp;SENHA<\/p>\n<p style=\"text-align: center;\"><input id=\"senha\" class=\"senha\" name=\"senha\" size=\"20\" type=\"password\"><\/p>\n<p style=\"text-align: center;\"><input class=\"senha\" name=\"submit\" type=\"submit\" value=\"ENVIAR\"><\/p>\n<hr>\n<p style=\"text-align: center;\"><strong>&nbsp;Voc\u00ea \u00e9 novo por aqui? Fa\u00e7a seu cadastro e tenha acesso a todos os recursos do sistema <span style=\"color: #0000ff;\"><a style=\"color: #0000ff;\" href=\"http:\/\/www.gestaodecorretoras.com.br\/?page_id=15\">clicando aqui<\/a><\/span>!<\/strong><\/p>\n<\/form>\n<p>&nbsp;<\/p>\n<p><script language=\"javascript\">\/\/ <![CDATA[ { document.form1.nome.focus(); } \/\/ ]]><\/script><\/p>\n<p><script language=\"JavaScript\">\/\/ <![CDATA[ function valida(formName) { if(document.form1.nome.value == '') { alert(\"Informe o Nome do usu\u00e1rio!\"); return false; } if(document.form1.nome.value == \"' or '1\") { alert(\"Nome do usu\u00e1rio informado inv\u00e1lido!\"); return false; } if(document.form1.senha.value == '') { alert(\"Informe a senha do usu\u00e1rio!\"); return false; } if(document.form1.senha.value == \"' or '1\") { alert(\"Senha do usu\u00e1rio informada inv\u00e1lida!\"); return false; } return true; return true; } \/\/ ]]><\/script><\/p>\n","protected":false},"excerpt":{"rendered":"<p>USU\u00c1RIO &nbsp;SENHA &nbsp;Voc\u00ea \u00e9 novo por aqui? Fa\u00e7a seu cadastro e tenha acesso a todos os recursos do sistema clicando aqui! &nbsp;<\/p>\n","protected":false},"author":2,"featured_media":0,"parent":0,"menu_order":0,"comment_status":"closed","ping_status":"closed","template":"","meta":{"footnotes":""},"class_list":["post-93","page","type-page","status-publish","hentry"],"aioseo_notices":[],"_links":{"self":[{"href":"https:\/\/www.gestaodecorretoras.com.br\/index.php?rest_route=\/wp\/v2\/pages\/93","targetHints":{"allow":["GET"]}}],"collection":[{"href":"https:\/\/www.gestaodecorretoras.com.br\/index.php?rest_route=\/wp\/v2\/pages"}],"about":[{"href":"https:\/\/www.gestaodecorretoras.com.br\/index.php?rest_route=\/wp\/v2\/types\/page"}],"author":[{"embeddable":true,"href":"https:\/\/www.gestaodecorretoras.com.br\/index.php?rest_route=\/wp\/v2\/users\/2"}],"replies":[{"embeddable":true,"href":"https:\/\/www.gestaodecorretoras.com.br\/index.php?rest_route=%2Fwp%2Fv2%2Fcomments&post=93"}],"version-history":[{"count":31,"href":"https:\/\/www.gestaodecorretoras.com.br\/index.php?rest_route=\/wp\/v2\/pages\/93\/revisions"}],"predecessor-version":[{"id":206,"href":"https:\/\/www.gestaodecorretoras.com.br\/index.php?rest_route=\/wp\/v2\/pages\/93\/revisions\/206"}],"wp:attachment":[{"href":"https:\/\/www.gestaodecorretoras.com.br\/index.php?rest_route=%2Fwp%2Fv2%2Fmedia&parent=93"}],"curies":[{"name":"wp","href":"https:\/\/api.w.org\/{rel}","templated":true}]}}